 5398*x - 167. What is b(75)?
-17
Let z(a) = 40*a**2 - 1217*a + 663. Determine z(30).
153
Let o(w) = 2*w**3 - 63*w**2 + 491*w + 61. Determine o(15).
1
Let k(n) = 7*n**3 - 416*n**2 - 6479*n + 10297. Determine k(72).
1
Let z(r) = -9*r**3 + 3304*r**2 + 40551*r + 742. What is z(379)?
-16
Let k(i) = 155*i**2 - 3836*i - 37. Calculate k(25).
938
Let p(o) = -o**3 - 2*o**2 - 237*o + 1849. Give p(7).
-251
Let f(o) = o**3 - 104*o**2 + 329*o + 7030. Give f(100).
-70
Let z(l) = 82*l**2 - 14137*l + 5682. Calculate z(172).
6
Let x(g) = -499487*g + 13486154. Determine x(27).
5
Let t(g) = 2*g**3 - 34*g**2 - 2512*g - 168. Determine t(45).
192
Let j(f) = f**3 + 3*f**2 + 399*f - 1705. What is j(4)?
3
Let q(i) = -4000*i + 248019. What is q(62)?
19
Let f(q) = 17*q**2 - 1624*q - 11216. Give f(102).
4
Let t(n) = -n**3 - 31*n**2 + 187*n + 223. Determine t(-36).
-29
Let m(v) = 1780*v + 12492. Calculate m(-7).
32
Let w(v) = -v**3 - 5*v**2 - 6*v - 773. Calculate w(-11).
19
Let s(v) = -v**3 - 157*v**2 + 2766*v + 30. Give s(16).
-2
Let c(q) = -q**2 + 274*q + 30524. Calculate c(-85).
9
Let a(z) = -2*z**3 + 21*z**2 - 98*z + 1021. Determine a(11).
-178
Let a(o) = -66*o**2 - 566*o + 2283. Give a(4).
-1037
Let h(x) = 2*x**2 - 68*x + 903. What is h(14)?
343
Let g(f) = -22*f**3 + 12*f**2 - 16*f + 42. Calculate g(4).
-1238
Let o(k) = 12388*k - 693760. Give o(56).
-32
Let t(j) = -j**3 + 195*j**2 - 6*j + 1318. Give t(195).
148
Let h(m) = 132880*m - 265755. What is h(2)?
5
Let w(h) = -5*h**2 + 1265*h - 12439. Determine w(10).
-289
Let t(d) = -6*d**3 - 168*d**2 + 425*d + 199. Determine t(3).
-200
Let m(d) = 523*d + 226983. Give m(-434).
1
Let n(j) = 4*j**2 + 381*j + 2334. Determine n(-6).
192
Let b(x) = -25592*x - 37850570. What is b(-1479)?
-2
Let j(l) = -803*l - 4125. Give j(-5).
-110
Let b(w) = -12*w**2 - 2259*w + 1714. Calculate b(-189).
13
Let p(b) = 73842*b - 369206. What is p(5)?
4
Let o(b) = -140770*b + 281533. Calculate o(2).
-7
Let d(h) = h**3 - 57*h**2 + 679*h - 369. Give d(16).
-1
Let c(d) = -d**2 + 116*d - 1137. What is c(88)?
1327
Let b(g) = 29*g**2 - 1526*g + 4301. What is b(3)?
-16
Let m(r) = -r**3 - 12*r**2 + 524*r + 7865. Calculate m(-15).
680
Let v(o) = -4*o**2 + 260*o + 2622. What is v(68)?
1806
Let c(h) = 2*h**2 + 87418*h - 1486695. What is c(17)?
-11
Let w(j) = j**2 + 8666*j + 60648. What is w(-7)?
35
Let d(i) = -102*i**2 + 7344*i + 184. Calculate d(72).
184
Let o(j) = -j**3 + 22*j**2 - 52*j + 138. Calculate o(20).
-102
Let s(u) = u**3 - 47857*u**2 + 143563*u - 5. Determine s(3).
-2
Let q(t) = 10*t**2 + 1057*t + 411. Determine q(-102).
-3363
Let g(o) = o**2 + 79*o + 342. Determine g(-16).
-666
Let z(m) = -18*m**2 + 2418*m + 1605. Calculate z(135).
-15
Let v(c) = 9*c**2 + 1002*c - 1367. Calculate v(-109).
-3656
Let d(x) = -195*x - 3469. Give d(-15).
-544
Let n(l) = l**3 - 15*l**2 - 964*l + 1083. Give n(39).
-9
Let a(r) = -49102*r - 3584439. What is a(-73)?
7
Let x(r) = 6*r**2 - 16422*r - 33. What is x(0)?
-33
Let o(v) = -186417*v + 1677742. Give o(9).
-11
Let o(u) = -4802*u + 54138. Determine o(11).
1316
Let p(o) = -142*o**2 + 30*o + 23. Determine p(-1).
-149
Let p(k) = 507*k + 43064. Determine p(-85).
-31
Let q(h) = -2019*h - 20107. What is q(-10)?
83
Let a(t) = t**2 - 109*t - 12453. Give a(179).
77
Let q(z) = -26952*z - 2964724. What is q(-110)?
-4
Let a(t) = t**3 + 7*t**2 - 117*t - 1005. Give a(-8).
-133
Let x(y) = 2083*y - 35672. Calculate x(17).
-261
Let v(k) = 3*k**2 - 325*k + 11693. What is v(43)?
3265
Let q(b) = -b**2 + 304*b + 14156. What is q(-41)?
11
Let p(i) = 13077*i + 130724. Determine p(-10).
-46
Let m(y) = -6700*y - 154374. What is m(-23)?
-274
Let v(n) = n**3 - 6*n**2 - 79*n + 453. Calculate v(9).
-15
Let r(u) = -7*u**3 - 92*u**2 - 34*u + 174. Determine r(-12).
-570
Let h(m) = -1402*m + 155558. Calculate h(111).
-64
Let a(n) = -2765*n - 24448. What is a(-10)?
3202
Let b(z) = -5*z**2 - 24*z + 128. Determine b(-6).
92
Let g(d) = -2*d**3 - 103*d**2 - 121*d + 1188. Determine g(-50).
-262
Let o(w) = 1351*w**2 - 39206*w + 769. Determine o(29).
-14
Let m(c) = -141*c**3 + 18*c**2 + 9*c + 4. Give m(-2).
1186
Let u(w) = w**2 + 1539*w + 189546. Determine u(-135).
6
Let m(a) = -33*a**3 + 4471*a**2 - 2176*a + 2156. Give m(135).
-4
Let y(x) = -17554*x + 3. Determine y(0).
3
Let z(t) = -46602*t + 46021. Give z(1).
-581
Let r(t) = -236*t**2 - 178*t + 32. Determine r(1).
-382
Let t(k) = -49068*k + 3238568. What is t(66)?
80
Let x(v) = -v**2 + 257*v + 40313. Give x(-110).
-57
Let i(f) = -2*f**2 + 2322*f - 23194. Determine i(10).
-174
Let v(y) = -y**3 - 555*y**2 + 2227*y + 50. Calculate v(4).
14
Let w(l) = 93*l**2 + 4703*l - 2036. Determine w(-51).
4
Let z(r) = -2*r**3 + 91*r**2 - 394*r - 178. Give z(41).
-1203
Let f(b) = 36151*b - 3578956. What is f(99)?
-7
Let a(c) = 1543*c - 14445. Give a(9).
-558
Let z(g) = -g**2 + 30*g + 5520. Give z(-61).
-31
Let w(l) = l**2 + 2015*l - 2430. Give w(0).
-2430
Let z(a) = -1375*a - 6475. Give z(-5).
400
Let y(q) = 2*q**3 - 23*q**2 + 47*q - 114. Determine y(10).
56
Let d(i) = -4*i**2 - 1145*i - 60698. Calculate d(-216).
-2
Let k(q) = -168713*q + 2193301. Calculate k(13).
32
Let u(d) = d**3 - 441*d**2 + 19193*d + 5876. Calculate u(392).
-4
Let o(r) = 267*r + 135. What is o(4)?
1203
Let l(n) = 3672*n + 282770. Give l(-77).
26
Let l(i) = -2*i**3 - 153*i**2 + 94*i + 490. Calculate l(-77).
-819
Let r(t) = -t**3 - 17*t**2 - 44*t + 86. What is r(-16)?
534
Let n(d) = 59*d**3 + 5*d**2 - 4714*d - 4715. Determine n(-1).
-55
Let c(a) = 427*a - 1289. Give c(4).
419
Let p(a) = -5158*a + 278531. Calculate p(54).
-1
Let o(j) = 962*j + 171259. Give o(-178).
23
Let j(k) = 5*k**2 + 1173*k - 76903. What is j(-288)?
-7
Let o(x) = x**3 + 156*x**2 + 67*x - 13648. Determine o(-155).
-8
Let m(o) = -2*o**3 - 74*o**2 - 3595*o - 120918. Determine m(-35).
7
Let a(r) = -213238*r - 1919087. What is a(-9)?
55
Let u(h) = h**2 + 1188*h + 14109. Calculate u(-12).
-3
Let t(j) = 943*j + 120617. Determine t(-128).
-87
Let u(i) = 3*i**3 + 40*i**2 + 48*i - 43. Calculate u(-10).
477
Let m(s) = -1654*s - 16939. Give m(-10).
-399
Let f(g) = -2*g**2 + 483*g - 29121. Give f(123).
30
Let k(y) = -7*y**2 - 420*y + 3870. Determine k(-68).
62
Let v(f) = -f**3 - 299*f**2 - 299*f - 350. Calculate v(-298).
-52
Let d(k) = k**3 - 71*k**2 + 614*k + 8127. Determine d(58).
7
Let g(z) = -6*z**2 - 1526*z - 47173. Give g(-36).
-13
Let n(u) = -u**3 + 13*u**2 - 688*u + 7297. What is n(11)?
-29
Let o(f) = 2*f**3 - 4*f**2 - 18225*f - 2. What is o(0)?
-2
Let o(s) = 95*s + 989. Determine o(-6).
419
Let q(i) = -2*i**2 - 43*i + 4347. Give q(-70).
-2443
Let r(i) = -13*i**2 - 413547*i - 827092. Determine r(-2).
-50
Let m(q) = -169*q**2 - 938*q + 1881. What is m(2)?
-671
Let w(v) = v**3 + 80*v**2 - 1226*v - 92263. Determine w(-81).
482
Let d(r) = -556*r**3 + 8*r**2 + 12*r + 1. Calculate d(-1).
553
Let x(g) = -56*g - 1418. Give x(-29).
206
Let t(d) = d**3 - 40*d**2 + 82*d - 16. Calculate t(4).
-264
Let b(h) = 357*h**3 - 2*h**2 + 89*h + 176. What is b(-2)?
-2866
Let g(f) = -2*f**2 + 274*f + 2297. Calculate g(140).
1457
Let q(b) = 16*b**2 + 4376*b - 702. Calculate q(-274).
1490
Let x(m) = -276*m**2 + 40300*m - 574. Determine x(146).
10
Let a(k) = -4*k**3 + 4*k**2 + 61*k - 138. What is a(2)?
-32
Let w(s) = s**3 + 70*s**2 + 278*s + 9663. Determine w(-68).
7
Let u(f) = f**2 - 91*f + 2021. Give u(39).
-7
Let k(x) = -2*x**3 - 5*x**2 + 56*x + 147. What is k(-5)?
-8
Let q(z) = 16*z**3 - 544*z**2 + 1488*z - 63. What is q(31)?
-63
Let p(k) = 296*k**3 + 1776*k**2 - 7. Give p(-6).
-7
Let c(a) = -13*a**3 + 256*a**2 - 161*a - 196. Give c(19).
-6
Let u(h) = -80*h**2 - 165568*h - 331135. Give u(-2).
-319
Let k(p) = 14*p**2 - 1510*p - 346. Give k(108).
-130
Let c(r) = 3354*r + 57023. Calculate c(-17).
5
Let y(i) = -i**2 - 187968*i - 3195167. Give y(-17).
0
Let x(c) = c**3 + 68*c**2 + 738*c - 273. Give x(-14).
-21
Let l(s) = 33*s**2 + 165*s - 341. Give l(-6).
-143
Let t(u) = -2*u**3 + 622*u**2 - 1227*u - 1740. Determine t(309).
1041
Let z(o) = 149*o**2 + 1327*o - 26. Determine z(-9).
100
Let z(l) = -14*l**3 - 87*l**2 - 149*l - 125. Give z(-4).
-25
Let f(a) = -2*a**3 + 73*a**2 - 19*a - 44. Determine f(35).
2966
Let v(s) = -2*s**2 + 523*s + 4024. What is v(269)?
-11
Let f(d) = 34748*d - 3440048. What is f(99)?
4
Let s